{"id":2387,"date":"2023-07-10T08:26:46","date_gmt":"2023-07-10T08:26:46","guid":{"rendered":"https:\/\/especialistamasculinidades.umh.es\/?page_id=2387"},"modified":"2023-07-10T08:26:51","modified_gmt":"2023-07-10T08:26:51","slug":"destinataris","status":"publish","type":"page","link":"https:\/\/especialistamasculinidades.umh.es\/ca\/destinataris\/","title":{"rendered":"Destinataris"},"content":{"rendered":"<p>[et_pb_section fb_built=&#8221;1&#8243; admin_label=&#8221;section&#8221; _builder_version=&#8221;4.16&#8243; global_colors_info=&#8221;{}&#8221;][et_pb_row admin_label=&#8221;row&#8221; _builder_version=&#8221;4.16&#8243; background_size=&#8221;initial&#8221; background_position=&#8221;top_left&#8221; background_repeat=&#8221;repeat&#8221; global_colors_info=&#8221;{}&#8221;][et_pb_column type=&#8221;4_4&#8243; _builder_version=&#8221;4.16&#8243; custom_padding=&#8221;|||&#8221; global_colors_info=&#8221;{}&#8221; custom_padding__hover=&#8221;|||&#8221;][et_pb_text admin_label=&#8221;Text&#8221; _builder_version=&#8221;4.16&#8243; background_size=&#8221;initial&#8221; background_position=&#8221;top_left&#8221; background_repeat=&#8221;repeat&#8221; use_border_color=&#8221;off&#8221; border_color=&#8221;#ffffff&#8221; border_style=&#8221;solid&#8221; global_colors_info=&#8221;{}&#8221;]<\/p>\n<h1 style=\"color: #9a2127;\">Persones destinat\u00e0ries<\/h1>\n<p>El t\u00edtol d\u2019<strong>Especialista universitari en Masculinitats, G\u00e8nere i Igualtat<\/strong> est\u00e0 orientat especialment a persones amb titulaci\u00f3 universit\u00e0ria.<\/p>\n<p>L\u2019\u00fanic requisit formal per a l\u2019admissi\u00f3, exigit per la normativa de la Universitat Miguel Hern\u00e1ndez, consisteix a estar en<strong> possessi\u00f3 d\u2019un t\u00edtol universitari.<\/strong><br \/>\n[\/et_pb_text][\/et_pb_column][\/et_pb_row][\/et_pb_section]<\/p>\n","protected":false},"excerpt":{"rendered":"<p>Persones destinat\u00e0ries El t\u00edtol d\u2019Especialista universitari en Masculinitats, G\u00e8nere i Igualtat est\u00e0 orientat especialment a persones amb titulaci\u00f3 universit\u00e0ria. L\u2019\u00fanic requisit formal per a l\u2019admissi\u00f3, exigit per la normativa de la Universitat Miguel Hern\u00e1ndez, consisteix a estar en possessi\u00f3 d\u2019un t\u00edtol universitari.<\/p>\n","protected":false},"author":23459,"featured_media":0,"parent":0,"menu_order":0,"comment_status":"open","ping_status":"open","template":"","meta":{"_et_pb_use_builder":"on","_et_pb_old_content":"<p>[et_pb_section fb_built=\"1\" admin_label=\"section\" _builder_version=\"4.16\" global_colors_info=\"{}\"][et_pb_row admin_label=\"row\" _builder_version=\"4.16\" background_size=\"initial\" background_position=\"top_left\" background_repeat=\"repeat\" global_colors_info=\"{}\"][et_pb_column type=\"4_4\" _builder_version=\"4.16\" custom_padding=\"|||\" global_colors_info=\"{}\" custom_padding__hover=\"|||\"][et_pb_text admin_label=\"Texto\" _builder_version=\"4.16\" background_size=\"initial\" background_position=\"top_left\" background_repeat=\"repeat\" use_border_color=\"off\" border_color=\"#ffffff\" border_style=\"solid\" global_colors_info=\"{}\"]<\/p><h1 style=\"color: #9a2127;\">Personas destinatarias<\/h1><p>El <strong>T\u00edtulo de Especialista Universitario en Masculinidades, G\u00e9nero e Igualdad<\/strong> est\u00e1 orientado especialmente a personas con titulaci\u00f3n universitaria.<br \/>El \u00fanico requisito formal para la admisi\u00f3n, exigido por la normativa de la Universidad Miguel Hern\u00e1ndez, consiste en <strong>estar en posesi\u00f3n de un t\u00edtulo universitario.<\/strong><br \/>[\/et_pb_text][\/et_pb_column][\/et_pb_row][\/et_pb_section][et_pb_section fb_built=\"1\" admin_label=\"section\" _builder_version=\"4.16\" global_colors_info=\"{}\"][et_pb_row admin_label=\"row\" _builder_version=\"4.16\" background_size=\"initial\" background_position=\"top_left\" background_repeat=\"repeat\" global_colors_info=\"{}\"][et_pb_column type=\"4_4\" _builder_version=\"4.16\" custom_padding=\"|||\" global_colors_info=\"{}\" custom_padding__hover=\"|||\"][et_pb_text admin_label=\"Text\" _builder_version=\"4.16\" background_size=\"initial\" background_position=\"top_left\" background_repeat=\"repeat\" use_border_color=\"off\" border_color=\"#ffffff\" border_style=\"solid\" global_colors_info=\"{}\"]<\/p><h1 style=\"color: #9a2127;\">Persones destinat\u00e0ries<\/h1><p>El t\u00edtol d\u2019<strong>Especialista universitari en Masculinitats, G\u00e8nere i Igualtat<\/strong> est\u00e0 orientat especialment a persones amb titulaci\u00f3 universit\u00e0ria.<\/p><p>L\u2019\u00fanic requisit formal per a l\u2019admissi\u00f3, exigit per la normativa de la Universitat Miguel Hern\u00e1ndez, consisteix a estar en<strong> possessi\u00f3 d\u2019un t\u00edtol universitari.<\/strong><br \/>[\/et_pb_text][\/et_pb_column][\/et_pb_row][\/et_pb_section]<\/p>","_et_gb_content_width":"","ngg_post_thumbnail":0,"_links_to":"","_links_to_target":""},"_links":{"self":[{"href":"https:\/\/especialistamasculinidades.umh.es\/ca\/wp-json\/wp\/v2\/pages\/2387"}],"collection":[{"href":"https:\/\/especialistamasculinidades.umh.es\/ca\/wp-json\/wp\/v2\/pages"}],"about":[{"href":"https:\/\/especialistamasculinidades.umh.es\/ca\/wp-json\/wp\/v2\/types\/page"}],"author":[{"embeddable":true,"href":"https:\/\/especialistamasculinidades.umh.es\/ca\/wp-json\/wp\/v2\/users\/23459"}],"replies":[{"embeddable":true,"href":"https:\/\/especialistamasculinidades.umh.es\/ca\/wp-json\/wp\/v2\/comments?post=2387"}],"version-history":[{"count":0,"href":"https:\/\/especialistamasculinidades.umh.es\/ca\/wp-json\/wp\/v2\/pages\/2387\/revisions"}],"wp:attachment":[{"href":"https:\/\/especialistamasculinidades.umh.es\/ca\/wp-json\/wp\/v2\/media?parent=2387"}],"curies":[{"name":"wp","href":"https:\/\/api.w.org\/{rel}","templated":true}]}}

<p>[et_pb_section fb_built=&#8221;1&#8243; admin_label=&#8221;section&#8221; _builder_version=&#8221;4.16&#8243; global_colors_info=&#8221;{}&#8221;][et_pb_row admin_label=&#8221;row&#8221; _builder_version=&#8221;4.16&#8243; background_size=&#8221;initial&#8221; background_position=&#8221;top_left&#8221; background_repeat=&#8221;repeat&#8221; global_colors_info=&#8221;{}&#8221;][et_pb_column type=&#8221;4_4&#8243; _builder_version=&#8221;4.16&#8243; custom_padding=&#8221;|||&#8221; global_colors_info=&#8221;{}&#8221; custom_padding__hover=&#8221;|||&#8221;][et_pb_text admin_label=&#8221;Text&#8221; _builder_version=&#8221;4.16&#8243; background_size=&#8221;initial&#8221; background_position=&#8221;top_left&#8221; background_repeat=&#8221;repeat&#8221; use_border_color=&#8221;off&#8221; border_color=&#8221;#ffffff&#8221; border_style=&#8221;solid&#8221; global_colors_info=&#8221;{}&#8221;]</p>
<h1 style="color: #9a2127;">Persones destinatàries</h1>
<p>El títol d’<strong>Especialista universitari en Masculinitats, Gènere i Igualtat</strong> està orientat especialment a persones amb titulació universitària.</p>
<p>L’únic requisit formal per a l’admissió, exigit per la normativa de la Universitat Miguel Hernández, consisteix a estar en<strong> possessió d’un títol universitari.</strong><br />
[/et_pb_text][/et_pb_column][/et_pb_row][/et_pb_section]</p>

<p>Persones destinatàries El títol d’Especialista universitari en Masculinitats, Gènere i Igualtat està orientat especialment a persones amb titulació universitària. L’únic requisit formal per a l’admissió, exigit per la normativa de la Universitat Miguel Hernández, consisteix a estar en possessió d’un títol universitari.</p>

<p>[et_pb_section fb_built="1" admin_label="section" _builder_version="4.16" global_colors_info="{}"][et_pb_row admin_label="row" _builder_version="4.16" background_size="initial" background_position="top_left" background_repeat="repeat" global_colors_info="{}"][et_pb_column type="4_4" _builder_version="4.16" custom_padding="|||" global_colors_info="{}" custom_padding__hover="|||"][et_pb_text admin_label="Texto" _builder_version="4.16" background_size="initial" background_position="top_left" background_repeat="repeat" use_border_color="off" border_color="#ffffff" border_style="solid" global_colors_info="{}"]</p><h1 style="color: #9a2127;">Personas destinatarias</h1><p>El <strong>Título de Especialista Universitario en Masculinidades, Género e Igualdad</strong> está orientado especialmente a personas con titulación universitaria.<br />El único requisito formal para la admisión, exigido por la normativa de la Universidad Miguel Hernández, consiste en <strong>estar en posesión de un título universitario.</strong><br />[/et_pb_text][/et_pb_column][/et_pb_row][/et_pb_section][et_pb_section fb_built="1" admin_label="section" _builder_version="4.16" global_colors_info="{}"][et_pb_row admin_label="row" _builder_version="4.16" background_size="initial" background_position="top_left" background_repeat="repeat" global_colors_info="{}"][et_pb_column type="4_4" _builder_version="4.16" custom_padding="|||" global_colors_info="{}" custom_padding__hover="|||"][et_pb_text admin_label="Text" _builder_version="4.16" background_size="initial" background_position="top_left" background_repeat="repeat" use_border_color="off" border_color="#ffffff" border_style="solid" global_colors_info="{}"]</p><h1 style="color: #9a2127;">Persones destinatàries</h1><p>El títol d’<strong>Especialista universitari en Masculinitats, Gènere i Igualtat</strong> està orientat especialment a persones amb titulació universitària.</p><p>L’únic requisit formal per a l’admissió, exigit per la normativa de la Universitat Miguel Hernández, consisteix a estar en<strong> possessió d’un títol universitari.</strong><br />[/et_pb_text][/et_pb_column][/et_pb_row][/et_pb_section]</p>
